 - 5. Let t = 88 + d. What are the prime factors of t?
2, 67
Let x = 385 - 383. What are the prime factors of (7/x - 1)*330?
3, 5, 11
Let r be 3/6 + 20943/18. Let b = r + -658. List the prime factors of b.
2, 11, 23
Suppose 229*k + 28007 = 233*k - 3*u, 0 = u + 5. What are the prime factors of k?
2, 3499
Suppose 69*l + 20152 = 74*l - d, 4*l - 16127 = -d. What are the prime factors of l?
29, 139
Suppose -17*z = 9*z. Suppose -f + 1087 = 5*m, -5*m + 536 = -2*f - 545. List the prime factors of z + -1 + m + -2.
2, 107
Let z(f) = 1455*f - 888. What are the prime factors of z(7)?
3, 1033
Suppose -3*c = r + 2*r, 4*r + 3*c = 4. Suppose r*x - 327 = 5*m, 0*x + 4*x - 324 = 4*m. List the prime factors of x.
2, 3, 13
Let g(p) = 3*p**2 + p. Let c be g(-1). Suppose -4*j = b - 38, -106*b + 110*b - 135 = j. Suppose c*o = b + 32. What are the prime factors of o?
3, 11
Suppose 2*r + 3*r + 3*y = -5, 0 = -4*r + 5*y - 41. Let i be ((-30)/7)/(r - (-27)/7). Suppose -5*x + 4*f = -95, -3*f = 4*x - x - i. List the prime factors of x.
3, 5
List the prime factors of 1068/89 + 3308*2.
2, 1657
Suppose -3*w = 4*r - 59812, -r = -6*w + 2*w - 14972. List the prime factors of (3/9)/(-2 + r/7476).
7, 89
Let k = -4140 + 4235. Let v be 4/(-6) - 43/3. Let l = k - v. What are the prime factors of l?
2, 5, 11
Suppose -18*t + 15546 = -9096. What are the prime factors of t?
37
Suppose 152 = -35*c - 3*c. List the prime factors of c + 19/4 + 5474/8.
5, 137
What are the prime factors of (((-36)/(-2))/(444/(-1184)))/((-1)/105)?
2, 3, 5, 7
Suppose -16*a + 4*a - 15204 = 0. Let h = -320 - a. What are the prime factors of h?
947
Let h be (-4)/(4*((-96)/18 + 5)). Suppose -16*y + 13*y - 1575 = -3*a, h*y = -5*a + 2633. List the prime factors of a.
2, 263
Let s(m) = m**2 - 6*m - 18. Let v be s(10). Suppose 25*h - v*h - 318 = 0. Suppose 2*k - h = 60. List the prime factors of k.
83
Let b be (40/200)/(((-2)/1415)/(-2)). Suppose 4*v - 99 = -z + 965, -v + 4*z + b = 0. What are the prime factors of v?
3, 89
Let c(y) = -15 - 36 - 12 + 8*y + 8*y. Suppose -h + 1 = -17. List the prime factors of c(h).
3, 5
Let z(i) = 60 - 84 + 6*i + 76. What are the prime factors of z(34)?
2
Let f(s) = 6*s - 8. Let v be 2 - (-45)/(-5) - 0. Let g be f(v). Let j = 51 - g. What are the prime factors of j?
101
Let c(q) = 2152*q - 728. List the prime factors of c(4).
2, 5, 197
Suppose -4*t - 236134 = -y, -4*t - 21839 - 214287 = 3*y. What are the prime factors of (-7)/4 + t/(-76)?
5, 31
Let b(g) be the first derivative of -g**5/60 - 5*g**4/6 - 5*g**3/3 + 13*g**2/2 + 6. Let n(t) be the second derivative of b(t). List the prime factors of n(-12).
2, 43
Let o = 0 - 2. Let h(d) = -54*d + 16*d - 53*d + 8*d - 6 - 4. List the prime factors of h(o).
2, 3, 13
Suppose -4*i + j = 0, -5*i + j + 1 = -0*i. Let k(g) = 508*g**2 - 5*g + 4. Let f be k(i). Let b = f - 358. List the prime factors of b.
149
Suppose -x + 3*j + 431 = -7101, 5*j = 5*x - 37680. What are the prime factors of x?
2, 3769
Let c(b) = 11*b**3 + 2*b**2 + 36*b + 11. List the prime factors of c(12).
19739
Let h = -122 - -126. Suppose 3*m = -2*j + 7, 4*j + j - h*m - 6 = 0. What are the prime factors of j/11 - 0 - 5562/(-22)?
11, 23
List the prime factors of (-433)/12*-1318 - (633/(-18) - -35).
2, 7, 43, 79
Let d = 50059 + -9619. What are the prime factors of d?
2, 3, 5, 337
Let z be (-3*9/(-15))/((-6)/(-40)). Suppose -9*u + z*u - 891 = 0. What are the prime factors of u?
3, 11
Let x(a) = -a**3 - 15*a**2 - 14*a + 7. Let l be x(-14). Let d = l + 5. What are the prime factors of d?
2, 3
Let f(y) = 9*y**2 - y - 39. Let t = -22 + 34. List the prime factors of f(t).
3, 5, 83
Suppose -23513 = -4*o + 4923. Suppose -o = -15*v - 344. What are the prime factors of v?
11, 41
Let q(h) = -2*h**3 + 4*h**2 + 65*h + 62. What are the prime factors of q(-14)?
2, 3, 113
Let q = 14551 - 8157. List the prime factors of q.
2, 23, 139
Suppose 19*i + 16207 - 42575 = 42146. What are the prime factors of i?
2, 3, 601
Let p(l) = -1063*l + 1140. List the prime factors of p(-9).
3, 43, 83
Let v be (-3 - (2 - 1))/((-12)/9). Suppose -v*t = -4*s - 0*s, 0 = s. Suppose -2*m - 2*n + 383 - 63 = t, -5*m = 3*n - 806. List the prime factors of m.
163
Suppose -23 = -5*w + f, -3*w + 10 = 4*f - 13. Suppose 77 = -5*g + 3*z - 58, -5*g = -w*z + 125. Let t = 6 - g. What are the prime factors of t?
2, 3
Let i be -21*7/(-49) + 33*-11. Let x = i + 496. List the prime factors of x.
2, 17
Suppose -92*m + 115*m = 35052. Suppose 1143 = 3*q + o, -4*o = -4*q - 2*o + m. What are the prime factors of q?
3, 127
Suppose 4*c = -8, 7*r + 5*c = 2703 + 92543. What are the prime factors of r?
2, 3, 7
Let u(o) = o**3 + 10*o**2 - 51*o + 146. What are the prime factors of u(18)?
2, 5, 83
Suppose -59*d - 80*d - 448324 = -3517444. What are the prime factors of d?
2, 3, 5, 23
Suppose -2*z + 12365 = -3*h, h = 3*z - 8549 - 9995. List the prime factors of z.
7, 883
Let n(w) = -529*w + 255. Let p(h) = 264*h - 129. Let x(z) = 6*n(z) + 11*p(z). List the prime factors of x(-7).
3, 23, 29
Suppose 4*g - 2*c = -4*c + 12, -5*g - 2*c = -17. Suppose 3*z = 4*p - z - 776, -p = g*z - 194. Suppose -2*n + p = -174. What are the prime factors of n?
2, 23
Let p(l) be the second derivative of 5*l**4/12 - 5*l**3/6 + 25*l**2/2 - 78*l. What are the prime factors of p(3)?
5, 11
Let x(l) = l + 24. Let y be x(-21). Suppose 4*r = y*r + 2*s - 2, -s - 19 = -3*r. Let o(u) = u**2 - 10*u + 29. What are the prime factors of o(r)?
13
Let y be -4 - 6*38/(-3). Suppose -k + 5*k = y. Suppose 1386 = -k*f + 25*f. What are the prime factors of f?
2, 3, 11
Let j be ((-15)/5 - 3) + 10. Suppose 944 = 4*f + j*c, -9*c = -8*c - 3. What are the prime factors of f?
233
Suppose -3*z = -2*x + 2800, z + 4200 = 25*x - 22*x. List the prime factors of x.
2, 5, 7
Suppose o - 48359 = 2*t + 6062, 2*t = -5*o + 272141. What are the prime factors of o?
37, 1471
Let n = -44 - -49. Suppose -92 = -4*l - r, -n*r + 68 = 4*l - 40. Suppose 2*c + l = 68. What are the prime factors of c?
23
Suppose 2*b - 3*n - 31737 = 0, 4*n - 1822 = -1842. List the prime factors of b.
3, 17, 311
Let y = -1230 - -3337. What are the prime factors of y?
7, 43
Let d(z) = 11*z**2 + 5*z + 6. Suppose 5*c - 2 = -4*a - 28, -25 = 5*c + 5*a. List the prime factors of d(c).
2, 3, 31
What are the prime factors of (52/26)/(81312/203255 - 12/30)?
13, 53, 59
What are the prime factors of 20371 + 5/((-70)/252)?
20353
Let k = -7357 - -24982. List the prime factors of k.
3, 5, 47
Let g = 648 + -642. What are the prime factors of 3524/8 - g/4?
439
Suppose 0 = -23*u - 3537 + 20672. Let o = -88 + u. What are the prime factors of o?
3, 73
Let y(u) be the third derivative of -221*u**4/24 + 68*u**3/3 - 4*u**2 - 3. List the prime factors of y(-3).
17, 47
Let z(y) = 9*y + 66. Let v be z(5). Let g = 272 - v. What are the prime factors of g?
7, 23
Let l = 41126 + -16269. What are the prime factors of l?
7, 53, 67
Let j be (-107822)/(-91) + (-1 - (-24)/21). Let z = -593 + j. What are the prime factors of z?
2, 37
Let l(x) = -55*x - 17 - 58*x - 9*x. List the prime factors of l(-5).
593
Let y(a) = 1085*a - 4045. What are the prime factors of y(51)?
2, 5, 23, 223
Let o(s) = 3*s. Let y be o(5). Suppose -y*d + 7 = -14*d. Suppose -284 = d*n - 725. What are the prime factors of n?
3, 7
Suppose 0 = 3*f + 8*g - 10*g - 32, f = -5*g + 22. What are the prime factors of 48/(1/4*32/f)?
2, 3
Suppose 51*m = 75*m - 8928. What are the prime factors of m?
2, 3, 31
Let b be 30/(-40)*(0 - 48)/2. Suppose 1387 + 5705 = b*i. List the prime factors of i.
2, 197
Let n(q) = -136*q. Let m be n(2). Let d = m + 795. What are the prime factors of d?
523
Let g(c) = c**3 + c**2 + 29*c - 12. Let r be g(-6). Let f = -269 - r. What are the prime factors of f?
97
Suppose -2*d = 3*d - 30. Suppose 5*t + p = -d - 0, 0 = 4*t - p + 3. List the prime factors of (-3 - t) + 1612/13.
2, 61
Let l = 179 - 179. Suppose -5*h + g + 4671 = l, -12*g + 4669 = 5*h - 11*g. What are the prime factors of h?
2, 467
Let j be ((-2)/(-2))/(5/140*4). Suppose -j*r + 11*r + 528 = 0. Let i = -42 - r. List the prime factors of i.
2, 3, 5
Let d(c) be the third derivative of 5*c**4/8 + c**3/3 - 2*c**2 - 154. Suppose 3*s = -g - 3*g + 10, -2*g = s - 4. What are the prime factors of d(g)?
17
Suppose -283*h + 7053000 + 4447070 + 6762